{"id":30622,"date":"2017-11-15T21:43:03","date_gmt":"2017-11-15T21:43:03","guid":{"rendered":"https:\/\/www.sandsofsilence.org\/wp-content\/uploads\/2017\/11\/Chelo-entrevistada-por-La-Ser-Centro-Inserci\u00f3n-Social.jpg"},"modified":"2017-11-15T21:43:03","modified_gmt":"2017-11-15T21:43:03","slug":"chelo-entrevistada-por-la-ser-centro-insercion-social","status":"inherit","type":"attachment","link":"https:\/\/www.sandsofsilence.org\/es\/internos-del-centro-de-insercion-social-de-coruna-debaten-arenas-de-silencio-la-opinion-coruna\/chelo-entrevistada-por-la-ser-centro-insercion-social\/","title":{"rendered":"Chelo entrevistada por La Ser-Centro Inserci\u00f3n Social"},"author":4,"featured_media":0,"comment_status":"open","ping_status":"closed","template":"","meta":[],"class_list":["post-30622","attachment","type-attachment","status-inherit","hentry"],"yoast_head":"<!-- This site is optimized with the Yoast SEO plugin v25.7 - https:\/\/yoast.com\/wordpress\/plugins\/seo\/ -->\n<title>Chelo entrevistada por La Ser-Centro Inserci\u00f3n Social - Sands of Silence<\/title>\n<meta name=\"robots\" content=\"index, follow, max-snippet:-1, max-image-preview:large, max-video-preview:-1\" \/>\n<link rel=\"canonical\" href=\"https:\/\/www.sandsofsilence.org\/wp-content\/uploads\/2017\/11\/Chelo-entrevistada-por-La-Ser-Centro-Inserci\u00f3n-Social.jpg\" \/>\n<meta property=\"og:locale\" content=\"es_ES\" \/>\n<meta property=\"og:type\" content=\"article\" \/>\n<meta property=\"og:title\" content=\"Chelo entrevistada por La Ser-Centro Inserci\u00f3n Social - Sands of Silence\" \/>\n<meta property=\"og:url\" content=\"https:\/\/www.sandsofsilence.org\/wp-content\/uploads\/2017\/11\/Chelo-entrevistada-por-La-Ser-Centro-Inserci\u00f3n-Social.jpg\" \/>\n<meta property=\"og:site_name\" content=\"Sands of Silence\" \/>\n<meta property=\"article:publisher\" content=\"https:\/\/www.facebook.com\/sandsofsilence\/\" \/>\n<meta property=\"og:image\" content=\"https:\/\/www.sandsofsilence.org\/wp-content\/uploads\/2017\/11\/Chelo-entrevistada-por-La-Ser-Centro-Inserci\u00f3n-Social-1024x687.jpg\" \/>\n\t<meta property=\"og:image:width\" content=\"1024\" \/>\n\t<meta property=\"og:image:height\" content=\"687\" \/>\n\t<meta property=\"og:image:type\" content=\"image\/jpeg\" \/>\n<meta name=\"twitter:card\" content=\"summary_large_image\" \/>\n<meta name=\"twitter:site\" content=\"@sandsofsilence\" \/>\n<script type=\"application\/ld+json\" class=\"yoast-schema-graph\">{\"@context\":\"https:\/\/schema.org\",\"@graph\":[{\"@type\":\"WebPage\",\"@id\":\"https:\/\/www.sandsofsilence.org\/wp-content\/uploads\/2017\/11\/Chelo-entrevistada-por-La-Ser-Centro-Inserci\u00f3n-Social.jpg\",\"url\":\"https:\/\/www.sandsofsilence.org\/wp-content\/uploads\/2017\/11\/Chelo-entrevistada-por-La-Ser-Centro-Inserci\u00f3n-Social.jpg\",\"name\":\"Chelo entrevistada por La Ser-Centro Inserci\u00f3n Social - Sands of Silence\",\"isPartOf\":{\"@id\":\"https:\/\/www.sandsofsilence.org\/#website\"},\"datePublished\":\"2017-11-15T21:43:03+00:00\",\"breadcrumb\":{\"@id\":\"https:\/\/www.sandsofsilence.org\/wp-content\/uploads\/2017\/11\/Chelo-entrevistada-por-La-Ser-Centro-Inserci\u00f3n-Social.jpg#breadcrumb\"},\"inLanguage\":\"es\",\"potentialAction\":[{\"@type\":\"ReadAction\",\"target\":[\"https:\/\/www.sandsofsilence.org\/wp-content\/uploads\/2017\/11\/Chelo-entrevistada-por-La-Ser-Centro-Inserci\u00f3n-Social.jpg\"]}]},{\"@type\":\"BreadcrumbList\",\"@id\":\"https:\/\/www.sandsofsilence.org\/wp-content\/uploads\/2017\/11\/Chelo-entrevistada-por-La-Ser-Centro-Inserci\u00f3n-Social.jpg#breadcrumb\",\"itemListElement\":[{\"@type\":\"ListItem\",\"position\":1,\"name\":\"Home\",\"item\":\"https:\/\/www.sandsofsilence.org\/es\/\"},{\"@type\":\"ListItem\",\"position\":2,\"name\":\"Internos del Centro de Inserci\u00f3n Social de A Coru\u00f1a debaten Arenas de Silencio | La Opini\u00f3n Coru\u00f1a\",\"item\":\"https:\/\/www.sandsofsilence.org\/es\/internos-del-centro-de-insercion-social-de-coruna-debaten-arenas-de-silencio-la-opinion-coruna\/\"},{\"@type\":\"ListItem\",\"position\":3,\"name\":\"Chelo entrevistada por La Ser-Centro Inserci\u00f3n Social\"}]},{\"@type\":\"WebSite\",\"@id\":\"https:\/\/www.sandsofsilence.org\/#website\",\"url\":\"https:\/\/www.sandsofsilence.org\/\",\"name\":\"Sands of Silence\",\"description\":\"SANDS OF SILENCE: Waves of Courage | This film inspires you to speak out about sexual violence\",\"publisher\":{\"@id\":\"https:\/\/www.sandsofsilence.org\/#organization\"},\"potentialAction\":[{\"@type\":\"SearchAction\",\"target\":{\"@type\":\"EntryPoint\",\"urlTemplate\":\"https:\/\/www.sandsofsilence.org\/?s={search_term_string}\"},\"query-input\":{\"@type\":\"PropertyValueSpecification\",\"valueRequired\":true,\"valueName\":\"search_term_string\"}}],\"inLanguage\":\"es\"},{\"@type\":\"Organization\",\"@id\":\"https:\/\/www.sandsofsilence.org\/#organization\",\"name\":\"Sands of Silence\",\"url\":\"https:\/\/www.sandsofsilence.org\/\",\"logo\":{\"@type\":\"ImageObject\",\"inLanguage\":\"es\",\"@id\":\"https:\/\/www.sandsofsilence.org\/#\/schema\/logo\/image\/\",\"url\":\"https:\/\/www.sandsofsilence.org\/wp-content\/uploads\/2017\/10\/Logo.png\",\"contentUrl\":\"https:\/\/www.sandsofsilence.org\/wp-content\/uploads\/2017\/10\/Logo.png\",\"width\":194,\"height\":69,\"caption\":\"Sands of Silence\"},\"image\":{\"@id\":\"https:\/\/www.sandsofsilence.org\/#\/schema\/logo\/image\/\"},\"sameAs\":[\"https:\/\/www.facebook.com\/sandsofsilence\/\",\"https:\/\/x.com\/sandsofsilence\"]}]}<\/script>\n<!-- \/ Yoast SEO plugin. -->","yoast_head_json":{"title":"Chelo entrevistada por La Ser-Centro Inserci\u00f3n Social - Sands of Silence","robots":{"index":"index","follow":"follow","max-snippet":"max-snippet:-1","max-image-preview":"max-image-preview:large","max-video-preview":"max-video-preview:-1"},"canonical":"https:\/\/www.sandsofsilence.org\/wp-content\/uploads\/2017\/11\/Chelo-entrevistada-por-La-Ser-Centro-Inserci\u00f3n-Social.jpg","og_locale":"es_ES","og_type":"article","og_title":"Chelo entrevistada por La Ser-Centro Inserci\u00f3n Social - Sands of Silence","og_url":"https:\/\/www.sandsofsilence.org\/wp-content\/uploads\/2017\/11\/Chelo-entrevistada-por-La-Ser-Centro-Inserci\u00f3n-Social.jpg","og_site_name":"Sands of Silence","article_publisher":"https:\/\/www.facebook.com\/sandsofsilence\/","og_image":[{"width":1024,"height":687,"url":"https:\/\/www.sandsofsilence.org\/wp-content\/uploads\/2017\/11\/Chelo-entrevistada-por-La-Ser-Centro-Inserci\u00f3n-Social-1024x687.jpg","type":"image\/jpeg"}],"twitter_card":"summary_large_image","twitter_site":"@sandsofsilence","schema":{"@context":"https:\/\/schema.org","@graph":[{"@type":"WebPage","@id":"https:\/\/www.sandsofsilence.org\/wp-content\/uploads\/2017\/11\/Chelo-entrevistada-por-La-Ser-Centro-Inserci\u00f3n-Social.jpg","url":"https:\/\/www.sandsofsilence.org\/wp-content\/uploads\/2017\/11\/Chelo-entrevistada-por-La-Ser-Centro-Inserci\u00f3n-Social.jpg","name":"Chelo entrevistada por La Ser-Centro Inserci\u00f3n Social - Sands of Silence","isPartOf":{"@id":"https:\/\/www.sandsofsilence.org\/#website"},"datePublished":"2017-11-15T21:43:03+00:00","breadcrumb":{"@id":"https:\/\/www.sandsofsilence.org\/wp-content\/uploads\/2017\/11\/Chelo-entrevistada-por-La-Ser-Centro-Inserci\u00f3n-Social.jpg#breadcrumb"},"inLanguage":"es","potentialAction":[{"@type":"ReadAction","target":["https:\/\/www.sandsofsilence.org\/wp-content\/uploads\/2017\/11\/Chelo-entrevistada-por-La-Ser-Centro-Inserci\u00f3n-Social.jpg"]}]},{"@type":"BreadcrumbList","@id":"https:\/\/www.sandsofsilence.org\/wp-content\/uploads\/2017\/11\/Chelo-entrevistada-por-La-Ser-Centro-Inserci\u00f3n-Social.jpg#breadcrumb","itemListElement":[{"@type":"ListItem","position":1,"name":"Home","item":"https:\/\/www.sandsofsilence.org\/es\/"},{"@type":"ListItem","position":2,"name":"Internos del Centro de Inserci\u00f3n Social de A Coru\u00f1a debaten Arenas de Silencio | La Opini\u00f3n Coru\u00f1a","item":"https:\/\/www.sandsofsilence.org\/es\/internos-del-centro-de-insercion-social-de-coruna-debaten-arenas-de-silencio-la-opinion-coruna\/"},{"@type":"ListItem","position":3,"name":"Chelo entrevistada por La Ser-Centro Inserci\u00f3n Social"}]},{"@type":"WebSite","@id":"https:\/\/www.sandsofsilence.org\/#website","url":"https:\/\/www.sandsofsilence.org\/","name":"Sands of Silence","description":"SANDS OF SILENCE: Waves of Courage | This film inspires you to speak out about sexual violence","publisher":{"@id":"https:\/\/www.sandsofsilence.org\/#organization"},"potentialAction":[{"@type":"SearchAction","target":{"@type":"EntryPoint","urlTemplate":"https:\/\/www.sandsofsilence.org\/?s={search_term_string}"},"query-input":{"@type":"PropertyValueSpecification","valueRequired":true,"valueName":"search_term_string"}}],"inLanguage":"es"},{"@type":"Organization","@id":"https:\/\/www.sandsofsilence.org\/#organization","name":"Sands of Silence","url":"https:\/\/www.sandsofsilence.org\/","logo":{"@type":"ImageObject","inLanguage":"es","@id":"https:\/\/www.sandsofsilence.org\/#\/schema\/logo\/image\/","url":"https:\/\/www.sandsofsilence.org\/wp-content\/uploads\/2017\/10\/Logo.png","contentUrl":"https:\/\/www.sandsofsilence.org\/wp-content\/uploads\/2017\/10\/Logo.png","width":194,"height":69,"caption":"Sands of Silence"},"image":{"@id":"https:\/\/www.sandsofsilence.org\/#\/schema\/logo\/image\/"},"sameAs":["https:\/\/www.facebook.com\/sandsofsilence\/","https:\/\/x.com\/sandsofsilence"]}]}},"description":{"rendered":"<p class=\"attachment\"><a href='https:\/\/www.sandsofsilence.org\/wp-content\/uploads\/2017\/11\/Chelo-entrevistada-por-La-Ser-Centro-Inserci\u00f3n-Social.jpg'><img loading=\"lazy\" decoding=\"async\" width=\"300\" height=\"201\" src=\"https:\/\/www.sandsofsilence.org\/wp-content\/uploads\/2017\/11\/Chelo-entrevistada-por-La-Ser-Centro-Inserci\u00f3n-Social-300x201.jpg\" class=\"attachment-medium size-medium\" alt=\"\" srcset=\"https:\/\/www.sandsofsilence.org\/wp-content\/uploads\/2017\/11\/Chelo-entrevistada-por-La-Ser-Centro-Inserci\u00f3n-Social-300x201.jpg 300w, https:\/\/www.sandsofsilence.org\/wp-content\/uploads\/2017\/11\/Chelo-entrevistada-por-La-Ser-Centro-Inserci\u00f3n-Social-768x516.jpg 768w, https:\/\/www.sandsofsilence.org\/wp-content\/uploads\/2017\/11\/Chelo-entrevistada-por-La-Ser-Centro-Inserci\u00f3n-Social-1024x687.jpg 1024w\" sizes=\"auto, (max-width: 300px) 100vw, 300px\" \/><\/a><\/p>\n"},"caption":{"rendered":""},"alt_text":"","media_type":"image","mime_type":"image\/jpeg","media_details":{"width":2896,"height":1944,"file":"2017\/11\/Chelo-entrevistada-por-La-Ser-Centro-Inserci\u00f3n-Social.jpg","sizes":{"thumbnail":{"file":"Chelo-entrevistada-por-La-Ser-Centro-Inserci\u00f3n-Social-150x150.jpg","width":150,"height":150,"mime_type":"image\/jpeg","source_url":"https:\/\/www.sandsofsilence.org\/wp-content\/uploads\/2017\/11\/Chelo-entrevistada-por-La-Ser-Centro-Inserci\u00f3n-Social-150x150.jpg"},"medium":{"file":"Chelo-entrevistada-por-La-Ser-Centro-Inserci\u00f3n-Social-300x201.jpg","width":300,"height":201,"mime_type":"image\/jpeg","source_url":"https:\/\/www.sandsofsilence.org\/wp-content\/uploads\/2017\/11\/Chelo-entrevistada-por-La-Ser-Centro-Inserci\u00f3n-Social-300x201.jpg"},"medium_large":{"file":"Chelo-entrevistada-por-La-Ser-Centro-Inserci\u00f3n-Social-768x516.jpg","width":768,"height":516,"mime_type":"image\/jpeg","source_url":"https:\/\/www.sandsofsilence.org\/wp-content\/uploads\/2017\/11\/Chelo-entrevistada-por-La-Ser-Centro-Inserci\u00f3n-Social-768x516.jpg"},"large":{"file":"Chelo-entrevistada-por-La-Ser-Centro-Inserci\u00f3n-Social-1024x687.jpg","width":1024,"height":687,"mime_type":"image\/jpeg","source_url":"https:\/\/www.sandsofsilence.org\/wp-content\/uploads\/2017\/11\/Chelo-entrevistada-por-La-Ser-Centro-Inserci\u00f3n-Social-1024x687.jpg"},"post-grid-image":{"file":"Chelo-entrevistada-por-La-Ser-Centro-Inserci\u00f3n-Social-403x220.jpg","width":403,"height":220,"mime_type":"image\/jpeg","source_url":"https:\/\/www.sandsofsilence.org\/wp-content\/uploads\/2017\/11\/Chelo-entrevistada-por-La-Ser-Centro-Inserci\u00f3n-Social-403x220.jpg"},"full":{"file":"Chelo-entrevistada-por-La-Ser-Centro-Inserci\u00f3n-Social.jpg","width":2896,"height":1944,"mime_type":"image\/jpeg","source_url":"https:\/\/www.sandsofsilence.org\/wp-content\/uploads\/2017\/11\/Chelo-entrevistada-por-La-Ser-Centro-Inserci\u00f3n-Social.jpg"}},"image_meta":{"aperture":"5.3","credit":"","camera":"NIKON D60","caption":"","created_timestamp":"1510667096","copyright":"","focal_length":"40","iso":"200","shutter_speed":"0.016666666666667","title":"","orientation":"1","keywords":[]}},"post":30621,"source_url":"https:\/\/www.sandsofsilence.org\/wp-content\/uploads\/2017\/11\/Chelo-entrevistada-por-La-Ser-Centro-Inserci\u00f3n-Social.jpg","_links":{"self":[{"href":"https:\/\/www.sandsofsilence.org\/es\/wp-json\/wp\/v2\/media\/30622","targetHints":{"allow":["GET"]}}],"collection":[{"href":"https:\/\/www.sandsofsilence.org\/es\/wp-json\/wp\/v2\/media"}],"about":[{"href":"https:\/\/www.sandsofsilence.org\/es\/wp-json\/wp\/v2\/types\/attachment"}],"author":[{"embeddable":true,"href":"https:\/\/www.sandsofsilence.org\/es\/wp-json\/wp\/v2\/users\/4"}],"replies":[{"embeddable":true,"href":"https:\/\/www.sandsofsilence.org\/es\/wp-json\/wp\/v2\/comments?post=30622"}]}}

https://www.sandsofsilence.org/wp-content/uploads/2017/11/Chelo-entrevistada-por-La-Ser-Centro-Inserción-Social.jpg

Chelo entrevistada por La Ser-Centro Inserción Social

<!-- This site is optimized with the Yoast SEO plugin v25.7 - https://yoast.com/wordpress/plugins/seo/ -->
<title>Chelo entrevistada por La Ser-Centro Inserción Social - Sands of Silence</title>
<meta name="robots" content="index, follow, max-snippet:-1, max-image-preview:large, max-video-preview:-1" />
<link rel="canonical" href="https://www.sandsofsilence.org/wp-content/uploads/2017/11/Chelo-entrevistada-por-La-Ser-Centro-Inserción-Social.jpg" />
<meta property="og:locale" content="es_ES" />
<meta property="og:type" content="article" />
<meta property="og:title" content="Chelo entrevistada por La Ser-Centro Inserción Social - Sands of Silence" />
<meta property="og:url" content="https://www.sandsofsilence.org/wp-content/uploads/2017/11/Chelo-entrevistada-por-La-Ser-Centro-Inserción-Social.jpg" />
<meta property="og:site_name" content="Sands of Silence" />
<meta property="article:publisher" content="https://www.facebook.com/sandsofsilence/" />
<meta property="og:image" content="https://www.sandsofsilence.org/wp-content/uploads/2017/11/Chelo-entrevistada-por-La-Ser-Centro-Inserción-Social-1024x687.jpg" />
	<meta property="og:image:width" content="1024" />
	<meta property="og:image:height" content="687" />
	<meta property="og:image:type" content="image/jpeg" />
<meta name="twitter:card" content="summary_large_image" />
<meta name="twitter:site" content="@sandsofsilence" />
<script type="application/ld+json" class="yoast-schema-graph">{"@context":"https://schema.org","@graph":[{"@type":"WebPage","@id":"https://www.sandsofsilence.org/wp-content/uploads/2017/11/Chelo-entrevistada-por-La-Ser-Centro-Inserción-Social.jpg","url":"https://www.sandsofsilence.org/wp-content/uploads/2017/11/Chelo-entrevistada-por-La-Ser-Centro-Inserción-Social.jpg","name":"Chelo entrevistada por La Ser-Centro Inserción Social - Sands of Silence","isPartOf":{"@id":"https://www.sandsofsilence.org/#website"},"datePublished":"2017-11-15T21:43:03+00:00","breadcrumb":{"@id":"https://www.sandsofsilence.org/wp-content/uploads/2017/11/Chelo-entrevistada-por-La-Ser-Centro-Inserción-Social.jpg#breadcrumb"},"inLanguage":"es","potentialAction":[{"@type":"ReadAction","target":["https://www.sandsofsilence.org/wp-content/uploads/2017/11/Chelo-entrevistada-por-La-Ser-Centro-Inserción-Social.jpg"]}]},{"@type":"BreadcrumbList","@id":"https://www.sandsofsilence.org/wp-content/uploads/2017/11/Chelo-entrevistada-por-La-Ser-Centro-Inserción-Social.jpg#breadcrumb","itemListElement":[{"@type":"ListItem","position":1,"name":"Home","item":"https://www.sandsofsilence.org/es/"},{"@type":"ListItem","position":2,"name":"Internos del Centro de Inserción Social de A Coruña debaten Arenas de Silencio | La Opinión Coruña","item":"https://www.sandsofsilence.org/es/internos-del-centro-de-insercion-social-de-coruna-debaten-arenas-de-silencio-la-opinion-coruna/"},{"@type":"ListItem","position":3,"name":"Chelo entrevistada por La Ser-Centro Inserción Social"}]},{"@type":"WebSite","@id":"https://www.sandsofsilence.org/#website","url":"https://www.sandsofsilence.org/","name":"Sands of Silence","description":"SANDS OF SILENCE: Waves of Courage | This film inspires you to speak out about sexual violence","publisher":{"@id":"https://www.sandsofsilence.org/#organization"},"potentialAction":[{"@type":"SearchAction","target":{"@type":"EntryPoint","urlTemplate":"https://www.sandsofsilence.org/?s={search_term_string}"},"query-input":{"@type":"PropertyValueSpecification","valueRequired":true,"valueName":"search_term_string"}}],"inLanguage":"es"},{"@type":"Organization","@id":"https://www.sandsofsilence.org/#organization","name":"Sands of Silence","url":"https://www.sandsofsilence.org/","logo":{"@type":"ImageObject","inLanguage":"es","@id":"https://www.sandsofsilence.org/#/schema/logo/image/","url":"https://www.sandsofsilence.org/wp-content/uploads/2017/10/Logo.png","contentUrl":"https://www.sandsofsilence.org/wp-content/uploads/2017/10/Logo.png","width":194,"height":69,"caption":"Sands of Silence"},"image":{"@id":"https://www.sandsofsilence.org/#/schema/logo/image/"},"sameAs":["https://www.facebook.com/sandsofsilence/","https://x.com/sandsofsilence"]}]}</script>
<!-- / Yoast SEO plugin. -->

Chelo entrevistada por La Ser-Centro Inserción Social - Sands of Silence

https://www.sandsofsilence.org/wp-content/uploads/2017/11/Chelo-entrevistada-por-La-Ser-Centro-Inserción-Social-1024x687.jpg

https://www.sandsofsilence.org/wp-content/uploads/2017/11/Chelo-entrevistada-por-La-Ser-Centro-Inserción-Social.jpg#breadcrumb

Internos del Centro de Inserción Social de A Coruña debaten Arenas de Silencio | La Opinión Coruña

<p class="attachment"><a href='https://www.sandsofsilence.org/wp-content/uploads/2017/11/Chelo-entrevistada-por-La-Ser-Centro-Inserción-Social.jpg'><img loading="lazy" decoding="async" width="300" height="201" src="https://www.sandsofsilence.org/wp-content/uploads/2017/11/Chelo-entrevistada-por-La-Ser-Centro-Inserción-Social-300x201.jpg" class="attachment-medium size-medium" alt="" srcset="https://www.sandsofsilence.org/wp-content/uploads/2017/11/Chelo-entrevistada-por-La-Ser-Centro-Inserción-Social-300x201.jpg 300w, https://www.sandsofsilence.org/wp-content/uploads/2017/11/Chelo-entrevistada-por-La-Ser-Centro-Inserción-Social-768x516.jpg 768w, https://www.sandsofsilence.org/wp-content/uploads/2017/11/Chelo-entrevistada-por-La-Ser-Centro-Inserción-Social-1024x687.jpg 1024w" sizes="auto, (max-width: 300px) 100vw, 300px" /></a></p>

2017/11/Chelo-entrevistada-por-La-Ser-Centro-Inserción-Social.jpg

Chelo-entrevistada-por-La-Ser-Centro-Inserción-Social-150x150.jpg

https://www.sandsofsilence.org/wp-content/uploads/2017/11/Chelo-entrevistada-por-La-Ser-Centro-Inserción-Social-150x150.jpg

Chelo-entrevistada-por-La-Ser-Centro-Inserción-Social-300x201.jpg

https://www.sandsofsilence.org/wp-content/uploads/2017/11/Chelo-entrevistada-por-La-Ser-Centro-Inserción-Social-300x201.jpg

Chelo-entrevistada-por-La-Ser-Centro-Inserción-Social-768x516.jpg

https://www.sandsofsilence.org/wp-content/uploads/2017/11/Chelo-entrevistada-por-La-Ser-Centro-Inserción-Social-768x516.jpg

Chelo-entrevistada-por-La-Ser-Centro-Inserción-Social-1024x687.jpg

Chelo-entrevistada-por-La-Ser-Centro-Inserción-Social-403x220.jpg

https://www.sandsofsilence.org/wp-content/uploads/2017/11/Chelo-entrevistada-por-La-Ser-Centro-Inserción-Social-403x220.jpg

Chelo-entrevistada-por-La-Ser-Centro-Inserción-Social.jpg
